3 - p**2/2 - p + 1. Let u be a(3). Calculate q(u).
-6
Let p(v) be the first derivative of 3*v**2/2 + 8*v + 68. Give p(-5).
-7
Suppose 12*x = -x + 26. Let j = -2 + 5. Let r(d) = j + 1 + 6*d - 3. Calculate r(x).
13
Let o(r) = -7*r**3 + r. Suppose -5*y + 4 + 16 = 0. Suppose 0*k = 4*k - y. Give o(k).
-6
Let i(w) = -w**3 + w**2 + w + 1. Let o(g) = -7*g**3 + 13*g**2 + 16*g - 5. Let y(u) = 6*i(u) - o(u). Let m be (118 + -114)/((-1)/(-2)). Give y(m).
-5
Let p(k) be the second derivative of -k**3/2 + k**2 - 133*k. Give p(-1).
5
Let i = -164 - -173. Suppose -7 - 11 = -i*x. Let j(d) = 1 - 5*d + 4 - 6. Calculate j(x).
-11
Suppose 6 = 2*s - c - 1, 5*s + 4*c - 24 = 0. Suppose w = s*w - 5*k - 30, 4*w = -5*k + 5. Let p(r) = -r**2 + 4*r - 2. Give p(w).
-7
Let t(b) be the second derivative of b**5/10 + b**4/2 + 3*b**2 - 32*b. Let i be t(-3). Let p(x) = -x**2 + 4*x - 2. Determine p(i).
-14
Let a(o) = -o**3 + o**2 + o - 7. Suppose 0 = h - 6*h + 4*x + 20, 5*x + 25 = -4*h. Give a(h).
-7
Let l(a) = -4*a - 30*a**2 + 4 + 5*a + 4*a + 26*a**2. Calculate l(3).
-17
Suppose 2 = 11*y + 35. Let k(f) = f**2 + 2*f - 4. What is k(y)?
-1
Let d(y) = 35 - 13*y + 15 + 0*y + 10*y**2 - 16 + y**3 + 4*y**2. Determine d(-15).
4
Let y(w) = 1. Let o(i) = -i - 15. Let v = 73 + -67. Let h(u) = v*y(u) + o(u). What is h(-6)?
-3
Let u(c) = 6*c + 5. Let i(d) = -7*d - 5. Let z(l) = 4*i(l) + 5*u(l). What is z(9)?
23
Let i(b) = b**3 + 5*b**2 - 9*b + 10. Let r = -923 + 916. Give i(r).
-25
Let l(f) be the second derivative of f**4/4 - f**3/3 - 2*f**2 - 9*f + 3. Give l(5).
61
Let s(i) = 19*i**2 + 44*i + 19. Let h(d) = 6*d**2 + 15*d + 6. Let m(w) = 7*h(w) - 2*s(w). Give m(-4).
0
Let j be (1*3)/(6/8). Let p(x) = -x**2 - 2*x - 2. Let o(b) = b**2. Let r = -76 - -75. Let l(t) = r*p(t) - 2*o(t). Determine l(j).
-6
Let q(a) = -2*a**2 + 13*a + 9. Let z be q(7). Suppose 0*g = -2*g + 4. Let h(s) = -4*s + s**g - 3*s + 3 + 2*s. Give h(z).
-3
Let n(t) be the first derivative of t**4/4 - 2*t**3 + t**2 + 8*t - 29. Give n(6).
20
Suppose 3*l + 5*h - 41 = 0, 4*l + 3*h = 26 + 25. Suppose -u - 19 = -l. Let j(q) = q + 1. Determine j(u).
-6
Suppose -10 = -c - 2. Suppose 0 = -l + 4*m + c, 2 = -2*l + l - m. Suppose -g + 2*p + 12 = -5*g, l = -4*g - 5*p - 12. Let o(d) = d**2 + 3. Calculate o(g).
12
Suppose 0 = -2*y - 76 + 66. Let l(c) = c**2 + 5*c + 1. Determine l(y).
1
Let c(z) be the second derivative of -13*z**3/6 - 2*z**2 + 568*z. Give c(-3).
35
Let r(z) = 6*z**3 - 11*z**2 + 8*z + 7. Let t(d) = 7*d**3 - 12*d**2 + 9*d + 8. Let a(m) = 6*r(m) - 5*t(m). Let j be (-784)/224*(-3)/(84/40). Calculate a(j).
-8
Let c(x) = -6*x - 8. Let u be c(-3). Let m(v) = -1 + 2 + u + 1 + v + v**2. Give m(0).
12
Suppose 5*n = 3*m + 102, 5*n + 3*m - m = 107. Let a be 6/n - 162/(-21). Let h(t) = 10*t**3 + 7*t - 13 + 5 - 15*t**3 + 6*t**3 + a*t**2. What is h(-7)?
-8
Let w = 98 + -125. Let y be (-18)/w*45/(-6). Let i(l) = -3*l + 2. Calculate i(y).
17
Let q(i) be the first derivative of -1/3*i**3 + 13 - 12*i + 5*i**2. Let l(g) = g**2 + 3*g + 4. Let w be l(-4). Determine q(w).
4
Let x(t) = -2*t**2 - 7*t - 4. Let n be (-3)/2 - (-15)/10. Suppose 4*r = 4*u + 52 + 4, n = 4*r - u - 50. Let v be (r/9)/(1/(-3)). What is x(v)?
-8
Let b(q) be the second derivative of -23/2*q**2 + 17*q - 1/6*q**3 + 0. Determine b(-10).
-13
Let k(a) = -6*a + 1. Let j(i) = -6*i. Let w(v) = -4*j(v) + 3*k(v). What is w(-1)?
-3
Let v(g) = 7*g - 1. Suppose -3*u + 5 = j - 3, 8 = -4*j - 2*u. Give v(j).
-29
Let c be (-3)/(-2 - 1)*2. Let u = c - 0. Let k(w) = w**2 - 2*w**2 + w**u - 2*w**2. Determine k(1).
-2
Let a(o) = o**2 - 8*o + 8. Let l = 12 - 7. Suppose -2*p + 5 = -4*f - 15, l*f + 5 = 0. Let v be (-6)/p*(-6 + -2). Give a(v).
-4
Let a(o) = o**2 + 6*o - 3. Let p(q) = -q**2 + 14*q + 8. Let z be p(15). Let v be a(z). Let f(h) = 5*h**2 - 7*h**2 - v*h + 4*h + 3 + 2*h. Give f(-2).
-9
Let x(d) = -3*d**3 - 4*d**2 + 5. Let s(y) = -4*y**3 - 3*y**2 + 5. Let r = -35 + 30. Let j(v) = r*x(v) + 4*s(v). Determine j(8).
-5
Let q(n) = 5*n**2 + 32*n - 7. Let u(v) = -14*v**2 - 92*v + 20. Let w(o) = -17*q(o) - 6*u(o). Determine w(9).
-10
Suppose -3*t + 102 = 99. Let q(j) = -j. Let u(f) = f**2 - 2*f + 6. Let y(n) = t*u(n) + 5*q(n). Calculate y(6).
0
Let p(t) = 2*t - 1. Let g be (4/10)/((-54)/30 + 2). Suppose g = i + 1. Determine p(i).
1
Let w(i) be the first derivative of -13*i**2/2 - 19*i + 730. What is w(-6)?
59
Let y be 0 + -1 + (-3)/1. Let q be y - (0 + -1 - 10). Let w(p) = -p**2 + 7*p + 6. Let a be w(q). Let x(h) = h**3 - 6*h**2 + 2. Give x(a).
2
Let j(t) = t + 2. Let l be j(-1). Let f(i) = -3*i - i + l - i + 7*i. Let d = 0 + -1. What is f(d)?
-1
Let m(n) = 5*n**3 + 8*n**2 - 3*n - 2. Let z(w) = 6*w**3 + 11*w**2 - 4*w - 2. Let j(c) = 3*m(c) - 2*z(c). Give j(-1).
-2
Let l(q) = -7*q + 1. Let s(a) = -12*a + 1. Let h(x) = 7*l(x) - 4*s(x). Let o be (-10)/4*(-12)/10. Determine h(o).
0
Let u(z) = -4*z. Suppose -17*f - 16*f - 231 = 0. Calculate u(f).
28
Suppose 7*n + 8 = -y + 5*n, 4*n = 5*y + 82. Let c(f) = f**2 + 15*f + 12. Determine c(y).
-2
Suppose 6 = -5*r - 4. Let y = -1 + r. Let c(z) = z**3 + 4*z**2 + 4*z + 3. Determine c(y).
0
Let l = -100 + 108. Let q(m) = m + 5. Give q(l).
13
Let l = -759/4 + 190. Let g(u) be the first derivative of 1 - l*u**4 - 5*u + 2*u**3 + 1/2*u**2. Determine g(6).
1
Let w(d) be the first derivative of -d**4/4 + 5*d**3/3 + d**2 - 3*d - 14. Let c = -9 - -13. Suppose -3*n + 11 = -c. Give w(n).
7
Let r(y) = -3*y**2 - 2*y + 1 + 0*y - 2. Suppose -2*t + 20 = 3*m, 0*m - 16 = -5*m + t. Suppose -p + m = 6. Determine r(p).
-9
Let p(s) be the second derivative of s**4/4 - s**3/6 + 11*s**2/2 - 28*s. Let c(v) = v**2 - v + 1. Let f(x) = -2*c(x) + p(x). Give f(0).
9
Let b(g) = -g**2 - 6*g. Let i be b(-6). Let x(n) = 5*n - 29. Let m(p) = 4*p - 28. Let o(l) = 6*m(l) - 5*x(l). Give o(i).
-23
Let c = -23 + 25. Let n(z) = 0*z + z**c - 10*z + 2 + 3*z. Suppose -2*o + 10 = 2*v, -3*o - 3*v + 25 = 2*o. Determine n(o).
-8
Let q(c) = -6*c + 16. Let m(x) = 7*x - 17. Let u(k) = -120*k + 290. Let f(i) = 35*m(i) + 2*u(i). Let l(a) = -5*f(a) - 4*q(a). What is l(8)?
3
Let m(d) = 31*d**3 + d + 1. Suppose 52*z - 49*z + w = -1, 5*w = -3*z + 7. Calculate m(z).
-31
Suppose -4 = -a - 2. Let v be (a/1)/(-1) - 1. Let i(x) = 2*x + 7*x**2 - 3*x**2 - 4 + 0*x - 2*x**2. What is i(v)?
8
Let k(f) = -32*f**2 + 7*f**2 + 48*f**2 - 3 + 4. What is k(-1)?
24
Let x(t) be the third derivative of -t**8/6720 - t**7/2520 + t**6/720 - t**5/30 + 5*t**2. Let u(c) be the third derivative of x(c). Calculate u(2).
-15
Let c(s) = -2*s - 22 + 8 - 16. Let q be c(-15). Let z(o) = 3*o + o**2 + 3 + 3 - 4*o. Determine z(q).
6
Let f(o) be the third derivative of o**6/120 - o**5/12 - o**4/24 - o**3/6 - 2*o**2 - 30. What is f(3)?
-22
Let w(j) = -3 + 6*j + 4*j - 4*j + j**2. Calculate w(-6).
-3
Let z(k) = -k**3 - 8*k**2 - 3*k - 14. Let n(p) = p**3 - 2*p**2 + 2*p - 1. Let o(x) = -2*n(x) - z(x). Give o(12).
4
Let n(c) = -46*c - 2. Let u(i) = -65*i - 2. Let b(d) = -4*n(d) + 3*u(d). Calculate b(2).
-20
Let r = 39 + -17. Let o(h) = -4 - 5*h**2 + h**3 - 3*h + r*h - 15*h. What is o(4)?
-4
Let z = -3 + -30. Let g = 37 + z. Let c(q) = g*q**2 - 3*q**2 - 6 + 7*q + 3. What is c(-6)?
-9
Suppose 7*z + 19 = 47. Let m(w) = w**2 - 6*w + 9. Give m(z).
1
Let i(z) = -3*z**3 + 40*z**2 + 27*z + 13. Let c be i(14). Let m(d) = 21*d**2 - d. Give m(c).
22
Let g(h) be the third derivative of h**6/120 + 7*h**5/60 + h**4/3 + 5*h**3/6 + 87*h**2. Calculate g(-5).
15
Let w(a) = -11*a - 1. Suppose -29*y + 26*y + 21 = 0. Suppose -y*b + 15 = 8. What is w(b)?
-12
Let d(n) = 27*n + 35 + n**2 - 2*n**2 - 20 - 23*n. Let r be d(-3). Let q(y) = 2*y + 1. What is q(r)?
-11
Let s(h) = 10*h + 4. Let p(d) = 2*d - 1. Let k(t) = -t. Let x(i) = -5*k(i) - p(i). Let f(y) = 2*s(y) - 7*x(y). Let q be (8/(-20))/(1/(-10)). Give f(q).
-3
Let u = -28 - -25. Let h(l) = -5*l**2 + 8*l + 2. Let c(v) = -2*v**2 + 4*v + 1. Let j(x) = -7*c(x) + 3*h(x). Determine j(u).
2
Let d(u) = -77. Let b(j) = -j + 154. Let t(v) = -6*b(v) - 13*d(v). Let s be t(-14). Let i(l) = -l**3 - 8*l**2 - 7*l - 4. Calculate i(s).
-4
Let z(t) = t**2 - 7*t + 4. Suppose 0 = 5*i + 5*j - 40, 3*j = 12. Calculate z(i).
-8
Let s(u) = u - 10 + 6*u - 20*u**3 - 4*u**2 + 27*u**3 - 6*u**3. Give s(3).
2
Let g be (0 - -5)/10 - (-1)/2. Let u be 126/36*2*g -